Suppose -5*r + 52 = 27. Give w(r).
-3
Let k(y) = 5*y**2 + 7*y - 10. Let p(f) = -4*f**2 - 7*f + 9. Suppose 4*h = 9*h + 25. Let i(c) = h*k(c) - 6*p(c). Determine i(5).
6
Suppose 0 = 5*d + 48 - 68. Let f(q) be the third derivative of -1/3*q**3 + q**2 + 0 + 1/12*q**d + 0*q + 1/30*q**5. Give f(2).
10
Let i(z) = z. Let x(n) = -8*n**2 - 3*n - 20. Let g(l) = -3*l**2 - l - 7. Let d(u) = -17*g(u) + 6*x(u). Let c be -1*-2*2/(-4). Let j be d(c). Calculate i(j).
3
Let c = -5 + 7. Let g(h) = 4*h**2 + 7*h + c*h**2 + h**3 - h - h**2 + 2. Let j = 3 - 7. Give g(j).
-6
Let x(z) be the first derivative of z**3/3 + z**2/2 + 4*z - 1. Let d be 30/2 + (-2)/(-2). Suppose -4*o - h = 4, 4*o - h - 3*h - d = 0. Give x(o).
4
Let j(u) = u**2 + u. Suppose -2*g - 4 + 6 = 0. Let p(y) = -y**2 + y - 1. Let w(z) = g*j(z) + 2*p(z). Give w(5).
-12
Let c = 10 + -14. Let d(a) = -a**2 - 3*a. Calculate d(c).
-4
Let f(u) = -3*u**2. Suppose w - 4*r + 24 = -w, -3*w + r - 16 = 0. Let b be (w/6)/(1/(-6)). Suppose 0 = 3*j - 4*c + 7 - 24, 3*c = -b*j - 19. What is f(j)?
-3
Let v(s) = -s + 3 - 2*s + s - 2*s. Suppose 7*q - 55 = 2*q. Let y(u) = 21*u - 14. Let z(x) = q*v(x) + 2*y(x). Calculate z(4).
-3
Let s = 112 + -110. Let y(l) = -l - 1. What is y(s)?
-3
Let q(x) = -x**2 - 5*x - 3. Let p be q(-6). Let a(u) = u + 6. Calculate a(p).
-3
Let a be 5/1*(-3)/(-5). Let m(j) = -j**2 - 5*j - 4. Let b be m(-3). Let f(p) = -b - 5*p + p + a*p. Calculate f(-4).
2
Suppose 0 = -4*l + 4*p - 4, p + 0*p - 7 = 3*l. Let z(s) = -s**3 - 5*s**2 - 2*s - 3. Determine z(l).
-15
Let f(o) be the second derivative of 2/3*o**3 + 3*o**2 + o + 0 + 1/12*o**4. Let a be 8/1*2/(-4). Calculate f(a).
6
Suppose -3*v + 38 - 26 = 0. Let y be 2/(-3) - 2/(-3). Let q(d) = 1 + 1 - d + y. What is q(v)?
-2
Let u(m) = 5*m**3 - 7*m**2 - m + 7. Suppose 0 = -i + n + 3*n - 17, 2*i + 4*n = 2. Let g(x) = -4*x**3 + 6*x**2 + x - 7. Let l(j) = i*u(j) - 6*g(j). What is l(0)?
7
Suppose 0 = -3*c + y - 0 - 13, -9 = 3*c + 3*y. Let r(z) be the first derivative of z**4/4 + 4*z**3/3 + 3*z**2/2 + 6*z + 1. Give r(c).
-6
Let a(v) = -v**2 + 6*v - 6. Let u = -1 - -7. Let i be (3 + -11)/4 + u. Give a(i).
2
Let c(p) = -p**2 + p - 1. Let a(w) = w**2 - w + 6. Let l(z) = -a(z) - 2*c(z). Let i be 2*5*2/5. What is l(i)?
8
Let s(g) = 3*g**2 + 3*g - 3. Let m(w) be the second derivative of -w**4/12 - w**3/6 + w**2/2 + 2*w. Let x(j) = -17*m(j) - 6*s(j). Determine x(1).
-1
Let j(f) = -f**2 - f + 2. Let l be j(2). Let n be 0*2/(0 + l). Let h(s) = 0*s**3 + s**2 - 3*s**3 + 2*s**3 + 2. What is h(n)?
2
Let g(a) = -a**2 - 6*a - 4. Let z(l) = l**3 - 5*l**2 - 5*l - 5. Let v be z(6). Let p(b) = -b - 1. Let w(t) = v*g(t) - 5*p(t). Let s = 1 + 0. Determine w(s).
-1
Let j(c) be the first derivative of c**4/4 + 2*c**3 + 3*c**2 + 4*c - 3. Let k = 1 + 4. Suppose 10 = -k*a - 15. Calculate j(a).
-1
Let f(x) = 9 - x + 2*x - 2*x. Let w(b) = b - 8. Let r(l) = -6*f(l) - 7*w(l). What is r(-2)?
4
Let a(y) = 17*y + 7. Let i(z) = 8*z + 3. Let j(q) = -2*a(q) + 5*i(q). Determine j(3).
19
Suppose 0 = 5*g - 4*s - 19, -3*g + 41 = 3*s + 2*s. Let i(m) = m**2 - 8*m + 0 + g*m + 1. Calculate i(4).
13
Let l(s) be the second derivative of s**4/12 - s**3/6 - 2*s**2 - 13*s. Let m(j) = -j - 3. Let r be m(-6). Suppose 3 = r*h - 6. What is l(h)?
2
Let o(t) = -t**2 - 3*t + 3. Suppose 4*i + 3*a = 8, -7*i = -2*i - a - 29. Suppose 0 = -4*v, -4*q = 2*v + 15 + i. Give o(q).
-7
Let m(k) = -3*k**3 + k + 1. Let q(c) = -c**3 + 3*c**2 - 4*c + 3. Let a be q(2). Calculate m(a).
3
Let r(x) be the first derivative of 1 - 1/24*x**4 + 1/2*x**2 - x**3 + 0*x. Let l(o) be the second derivative of r(o). Calculate l(0).
-6
Let v(f) = 0*f - 2*f - f + 3 + 2*f. What is v(7)?
-4
Let x = -30 + 42. Let w(o) = -o**2 + 13*o - 14. Give w(x).
-2
Let y(s) be the first derivative of -2*s**3 + s**2/2 + 3. Let v = -2 + 5. Let m = v + -2. What is y(m)?
-5
Let x(c) be the first derivative of -c**3/3 + c**2 + 3. Let q(a) = -3*a - 12. Let v be q(-5). Calculate x(v).
-3
Let h(n) be the first derivative of -n**5/4 - n**3/3 - n**2/2 + n + 4. Let v(i) be the first derivative of h(i). Calculate v(-1).
6
Let a(h) = 3*h - 6*h**3 + 5*h**3 - 6*h**2 - 8*h + 2. Suppose -3*p + 1 = x - 0*p, 3*x + 4*p = -7. Calculate a(x).
2
Let g = -2 + 5. Let q(i) = -7*i**2 + 6*i - 5 + 0*i**g + i**2 + i**3. What is q(5)?
0
Let o = -3 + 7. Suppose -3*f + o = -5*f. Let x be (3 - 2 - 2) + f. Let l(p) = -p**2 - p - 1. Give l(x).
-7
Let z(w) be the second derivative of w**3/6 - 3*w**2/2 - 28*w. Determine z(6).
3
Let c(s) = -s**2 + 4*s + 1. Let x(f) = -f**2 + 10*f - 11. Let r(u) = -u + 3. Let g be r(-5). Let a be x(g). Determine c(a).
-4
Let b(n) be the first derivative of -9*n**4/4 - n**3/3 - n**2/2 + 6. What is b(-1)?
9
Let p(o) = -o + 1. Let j(h) = -4*h + 9. Let v(y) = j(y) - 5*p(y). What is v(-5)?
-1
Let b(z) = z**2 + 6*z - 2. Let q = -1 + 4. Suppose -q*d - 18 = 3*d. Give b(d).
-11
Suppose p - 3*a - 2 = 2*p, -a - 6 = -5*p. Let b(r) be the third derivative of -r**4/3 - r**3/6 + r**2. What is b(p)?
-9
Let q = 17 + -34. Let m(d) = 5*d + 9. Let p(s) = 5 + 14*s + 20 + 5 - 4. Let n(r) = q*m(r) + 6*p(r). Give n(4).
-1
Let g(n) be the first derivative of n**4/2 + n**3/3 + n**2 + n - 18. Suppose 5*l = -0*l. Suppose l = 5*x + 3*p + 20, 0 = -5*x - 0*p - 5*p - 30. Determine g(x).
-2
Let s(g) be the first derivative of 2*g**5/15 - g**3/6 + g**2 - 3. Let x(v) be the second derivative of s(v). Calculate x(1).
7
Let a be 3/(-5) - 36/15. Let o(z) = 2*z - 1. Give o(a).
-7
Let s(c) be the first derivative of -3*c**2/2 + 2*c - 52. Give s(-6).
20
Let l(n) be the second derivative of n**5/20 + 5*n**4/12 + 5*n**3/6 - n**2/2 + 13*n. What is l(-4)?
-5
Let m(o) be the first derivative of o**2/2 - 3*o + 1. Let p be 1/(-4) + (-19)/4. Let f be p - (0 + 0) - -1. Give m(f).
-7
Let v be (-12)/48 + 5/4. Let l(g) = -g**3 - 6*g**2 - g - 4. Let a be l(-6). Let f(z) = z + 3 - 5*z - a. Calculate f(v).
-3
Let i(p) = -p**3 - 4*p**2 + p + 3. Let g be -2 + 3 + -3 + -2. Give i(g).
-1
Let i(x) = x + 3. Let z(u) = u + 1. Let b be z(-8). What is i(b)?
-4
Let h(j) be the second derivative of 10*j**3/3 + 15*j**2/2 - 2*j. Let d(t) = -10*t - 7. Let u(k) = 13*d(k) + 6*h(k). What is u(1)?
-11
Let x = -8 - -10. Let y(v) = 0*v + x*v - 4*v + 1 + 3*v**2 - v. Give y(2).
7
Let o(h) = -h + 1. Let l = 1 - 9. Let q be 6/(-5) + l/(-40). Determine o(q).
2
Let t(z) = z**2 + 5. Suppose -2*d + u = 8 + 4, -5*u + 30 = -4*d. Calculate t(d).
30
Suppose 3*u - 20 = -5*l, 3*u - 4*l = 2*u - 16. Let v(p) be the third derivative of 0 + 0*p**5 + 1/120*p**6 + u*p + 1/6*p**3 - 1/12*p**4 - p**2. Determine v(1).
0
Let l = 1 + -1. Let u = -19 - -44. Suppose l = -4*x - x - u. Let c(n) = -2*n - 6. Calculate c(x).
4
Let p = -3 - -3. Let r = -5 - p. Let a(t) = t**2 + 5*t + 6. Give a(r).
6
Let x(p) = p**3 - 8*p**2 - 8*p - 8. Let l be x(9). Let j(k) = -k - 7 - 5 + 10 + l. What is j(-2)?
1
Let u(s) = 3*s**3 - 10*s**2 - 3*s - 8. Let q(p) = p**3 - 5*p**2 - 2*p - 4. Let h(n) = 5*q(n) - 2*u(n). What is h(-4)?
-4
Let r(k) = -6*k + 8. Let h(s) = -7*s + 9. Let b(u) = -3*h(u) + 4*r(u). Let j(g) = 3*g - 4. Let a(m) = -3*b(m) - 4*j(m). Suppose v + 1 = 2*v. What is a(v)?
-2
Let t(p) be the third derivative of -p**6/120 + p**5/15 + p**4/24 + 5*p**3/6 - 16*p**2. Determine t(4).
9
Let g(k) be the third derivative of 0*k - 2*k**2 + 0 + 1/24*k**4 - 2/3*k**3. What is g(4)?
0
Let t(g) = -4*g**2 + 1. Let z(s) = -s**2 + 1. Let b(i) = -t(i) + 5*z(i). Let d = -8 + 5. Let m = d - 0. Give b(m).
-5
Let o(u) = -u**3 - 4*u**2 + 3*u - 3. Let j = 6 - 10. Determine o(j).
-15
Suppose -3*k - 2*k - 5 = -5*h, -k = 4*h - 24. Let r(t) = -t**2 + t + 3. What is r(k)?
-9
Let b(n) = -7*n**2 + 5*n - 3. Let f(c) = -3*c**2 + 2*c - 1. Let w(m) = 2*b(m) - 5*f(m). Suppose -5*z - 3*o + 22 = 0, z - 10 = -o - o. What is w(z)?
3
Let n(y) = -y - 1 + 4 + 0 + 5. Determine n(9).
-1
Let k = -2 + 2. Let v = 0 + k. Let n(c) = 8*c - 3 - 18*c + 11*c + 0. What is n(v)?
-3
Let t(q) = q**3 - 8*q**2 - q + 11. Let m be t(8). Let j(w) = 1 - w**3 + m*w + 0*w - 3*w**2 + 0*w**2. Calculate j(-3).
-8
Let f(r) = 6*r - 1 + 3*r**2 + r**2 - 5*r**2. What is f(5)?
4
Let l(x) = -3*x**2 - 3*x + 3. Let h(u) = -2*u**2 - 2*u + 2. Let t(c) = 7*h(c) - 5*l(c). Let a(r) be the first derivative of t(r). Determine a(-1).
-1
Let h(b) = -b - 5. Let f = -16